st common factor of 120 and 18510.
30
What is the greatest common factor of 100 and 260?
20
What is the highest common factor of 2834 and 364?
26
What is the highest common divisor of 12 and 15044?
4
Calculate the greatest common factor of 583 and 2809.
53
What is the greatest common factor of 9849 and 49?
49
Calculate the greatest common factor of 24 and 696.
24
Calculate the highest common divisor of 2248 and 24.
8
What is the highest common divisor of 798 and 126?
42
What is the greatest common divisor of 550 and 22?
22
Calculate the greatest common divisor of 27 and 36.
9
What is the highest common factor of 128 and 704?
64
Calculate the highest common factor of 88 and 77.
11
Calculate the greatest common factor of 355 and 305.
5
What is the greatest common factor of 220 and 35?
5
Calculate the greatest common factor of 1653 and 957.
87
What is the highest common divisor of 299 and 46?
23
Calculate the greatest common divisor of 651 and 168.
21
What is the greatest common factor of 441 and 63?
63
Calculate the greatest common divisor of 204 and 228.
12
Calculate the greatest common divisor of 26 and 1586.
26
What is the greatest common factor of 6 and 1455?
3
Calculate the greatest common factor of 1 and 946.
1
What is the highest common factor of 13580 and 35?
35
What is the highest common factor of 413 and 7?
7
What is the highest common factor of 320 and 60?
20
What is the greatest common divisor of 1221 and 22?
11
What is the highest common factor of 128 and 1216?
64
Calculate the highest common factor of 759 and 11.
11
What is the greatest common divisor of 74 and 333?
37
Calculate the greatest common divisor of 1943 and 116.
29
Calculate the highest common divisor of 1827 and 1953.
63
What is the highest common factor of 141 and 24?
3
Calculate the greatest common divisor of 1100 and 600.
100
Calculate the greatest common divisor of 39 and 27.
3
What is the greatest common factor of 142 and 14?
2
Calculate the greatest common factor of 222 and 333.
111
Calculate the greatest common divisor of 168 and 896.
56
What is the highest common divisor of 57 and 361?
19
Calculate the highest common factor of 21 and 854.
7
What is the highest common factor of 78 and 416?
26
What is the highest common divisor of 118 and 4366?
118
Calculate the highest common factor of 1378 and 858.
26
What is the highest common divisor of 15 and 135?
15
What is the greatest common divisor of 111 and 1221?
111
What is the greatest common divisor of 14 and 1834?
14
Calculate the greatest common divisor of 3905 and 10.
5
Calculate the greatest common factor of 18 and 18.
18
Calculate the highest common divisor of 1305 and 225.
45
Calculate the highest common factor of 13957 and 34.
17
What is the highest common divisor of 150 and 330?
30
What is the greatest common divisor of 21216 and 208?
208
Calculate the greatest common factor of 12 and 24.
12
What is the greatest common factor of 280 and 35?
35
Calculate the highest common divisor of 228 and 4.
4
What is the highest common factor of 536 and 67?
67
Calculate the greatest common divisor of 8316 and 11.
11
What is the highest common factor of 2114 and 56?
14
Calculate the highest common divisor of 1199 and 22.
11
Calculate the highest common factor of 105 and 350.
35
Calculate the greatest common divisor of 39 and 52.
13
Calculate the highest common divisor of 96 and 1280.
32
Calculate the greatest common divisor of 80 and 280.
40
Calculate the greatest common factor of 5589 and 162.
81
Calculate the highest common divisor of 4632 and 48.
24
Calculate the highest common divisor of 560 and 80.
80
What is the greatest common divisor of 21 and 105?
21
What is the greatest common divisor of 48 and 192?
48
Calculate the greatest common factor of 15 and 573.
3
What is the greatest common factor of 34 and 42?
2
What is the highest common divisor of 1 and 17?
1
Calculate the highest common factor of 2592 and 252.
36
What is the highest common factor of 59 and 5959?
59
What is the highest common factor of 68 and 17?
17
Calculate the highest common divisor of 600 and 147.
3
What is the greatest common factor of 296 and 1369?
37
What is the highest common factor of 556 and 66164?
556
What is the greatest common divisor of 2171 and 65?
13
Calculate the highest common factor of 348 and 21.
3
What is the highest common factor of 11 and 583?
11
Calculate the highest common factor of 5673 and 122.
61
Calculate the highest common divisor of 3128 and 136.
136
What is the greatest common divisor of 4131 and 306?
153
Calculate the greatest common factor of 392 and 35.
7
Calculate the highest common divisor of 170 and 34.
34
What is the highest common factor of 854 and 14?
14
What is the highest common factor of 35 and 105?
35
What is the greatest common factor of 46 and 3772?
46
Calculate the highest common factor of 48 and 52.
4
What is the highest common divisor of 15 and 75?
15
Calculate the greatest common divisor of 273 and 39.
39
What is the highest common factor of 91 and 4459?
91
What is the greatest common factor of 8 and 28?
4
Calculate the greatest common divisor of 8086 and 26.
26
What is the highest common factor of 84 and 60?
12
Calculate the highest common factor of 480 and 800.
160
What is the highest common factor of 176 and 484?
44
Calculate the greatest common divisor of 459 and 8109.
153
Calculate the greatest common divisor of 3278 and 22.
22
Calculate the greatest common divisor of 30 and 640.
10
Calculate the greatest common divisor of 1269 and 94.
47
What is the highest common divisor of 411 and 3?
3
Calculate the highest common divisor of 122 and 5246.
122
What is the greatest common divisor of 616 and 280?
56
Calculate the highest common divisor of 24 and 5448.
24
Calculate the greatest common divisor of 779 and 1681.
41
What is the highest common factor of 816 and 17?
17
What is the greatest common factor of 990 and 770?
110
What is the greatest common factor of 57 and 3496?
19
Calculate the highest common factor of 33 and 121.
11
What is the highest common divisor of 18790 and 30?
10
Calculate the greatest common divisor of 4720 and 160.
80
Calculate the highest common divisor of 40 and 110.
10
Calculate the highest common divisor of 1004 and 8.
4
Calculate the greatest common divisor of 69 and 184.
23
What is the greatest common factor of 2466 and 19454?
274
What is the highest common divisor of 144 and 5688?
72
Calculate the greatest common divisor of 13 and 2223.
13
Calculate the greatest common factor of 1095 and 25.
5
Calculate the greatest common factor of 240 and 6900.
60
Calculate the highest common factor of 319 and 594.
11
What is the highest common factor of 57 and 2?
1
Calculate the greatest common divisor of 260 and 60.
20
What is the highest common divisor of 475 and 200?
25
What is the greatest common factor of 161 and 112?
7
What is the greatest common divisor of 403 and 93?
31
What is the greatest common factor of 391 and 68?
17
Calculate the greatest common factor of 36 and 35028.
36
What is the greatest common divisor of 4267 and 153?
17
What is the greatest common divisor of 40 and 128?
8
What is the highest common factor of 53 and 848?
53
Calculate the greatest common factor of 1247 and 344.
43
What is the greatest common factor of 13 and 12389?
13
What is the highest common factor of 34 and 493?
17
Calculate the highest common divisor of 17516 and 348.
116
Calculate the highest common factor of 580 and 232.
116
What is the highest common divisor of 1199 and 55?
11
What is the greatest common divisor of 8200 and 20?
20
Calculate the greatest common divisor of 3699 and 81.
27
What is the highest common divisor of 15 and 345?
15
Calculate the greatest common factor of 214 and 2.
2
What is the highest common factor of 12189 and 34?
17
Calculate the highest common divisor of 4 and 58.
2
What is the greatest common divisor of 490 and 42?
14
Calculate the greatest common factor of 620 and 93.
31
What is the greatest common divisor of 154 and 2142?
14
Calculate the highest common factor of 1629 and 36.
9
What is the greatest common divisor of 6 and 297?
3
Calculate the highest common factor of 4650 and 12.
6
Calculate the greatest common factor of 1387 and 57.
19
What is the highest com